
20000121220
In base 6, what is -11 + -42515?
-42530
In base 15, what is -3 + 23538?
23535
In base 10, what is 4 - 10945?
-10941
In base 13, what is -1615 - -94?
-1551
In base 9, what is -6 - 3322?
-3328
In base 9, what is -12538 + 12?
-12526
In base 5, what is -110034 - 1?
-110040
In base 10, what is 2067 - -78?
2145
In base 10, what is -35 - 1642?
-1677
In base 14, what is -9 + -a176?
-a181
In base 3, what is -1112 - -110012101?
110010212
In base 8, what is -1002574 + -15?
-1002611
In base 8, what is 1174 - -377?
1573
In base 9, what is -1 - 6321?
-6322
In base 12, what is -346a67 - 0?
-346a67
In base 7, what is -5 - -15424?
15416
In base 5, what is 240004 + -12?
234442
In base 14, what is 10 - -584d?
585d
In base 13, what is -3 - -cb55?
cb52
In base 3, what is -111210220200012 + 1?
-111210220200011
In base 10, what is 10 + -26810?
-26800
In base 14, what is 1662 + b?
166d
In base 5, what is -11202203 - 4?
-11202212
In base 14, what is 5 - a7c?
-a77
In base 5, what is -44304 - 131?
-44440
In base 8, what is 43 - 66460?
-66415
In base 2, what is 1000 + 1100010010100001?
1100010010101001
In base 9, what is -3747 - 2?
-3750
In base 16, what is 34 - -2c7?
2fb
In base 14, what is 185367 - -5?
18536c
In base 12, what is -2a50 - -4?
-2a48
In base 11, what is 12 - -30?
42
In base 16, what is -939d6 - 0?
-939d6
In base 9, what is -4 + 185631?
185626
In base 2, what is -101111000 - 10000100?
-111111100
In base 16, what is -c3ed4 - -4?
-c3ed0
In base 10, what is -31216 + -4?
-31220
In base 11, what is -7178 - -2?
-7176
In base 12, what is 1bb17 + -37?
1baa0
In base 12, what is -107 + -702?
-809
In base 15, what is -2 + -2a94?
-2a96
In base 13, what is -bb - -22b?
140
In base 2, what is 100000111 + -1?
100000110
In base 11, what is 3 + -a6423?
-a6420
In base 7, what is -3256 - -15?
-3241
In base 12, what is 779 - -90?
849
In base 15, what is -5e7 + -17?
-60e
In base 5, what is -300 - -2033411?
2033111
In base 7, what is 45 - 646?
-601
In base 14, what is -82 + -3b3?
-455
In base 11, what is 0 + 20808?
20808
In base 11, what is -32 + 2550?
2519
In base 7, what is 0 + 4556353?
4556353
In base 8, what is 570 - -116?
706
In base 16, what is -eec5 + -2?
-eec7
In base 13, what is -23 - 289b1?
-28a04
In base 11, what is -2a0 + 165?
-136
In base 5, what is 30 + 1202441?
1203021
In base 15, what is -4dd - 87?
-575
In base 2, what is -100000111011111 - -10011011?
-100000101000100
In base 6, what is -11 + -1512?
-1523
In base 8, what is -15433 - -3?
-15430
In base 16, what is -37 - 593d?
-5974
In base 11, what is -4a - -5423a?
541a0
In base 10, what is 349919 - -2?
349921
In base 9, what is 7051527 + -5?
7051522
In base 14, what is -53 - -112?
9d
In base 15, what is 214 - 24e?
-3a
In base 6, what is 5015151 - 11?
5015140
In base 9, what is -4 - 66777?
-66782
In base 14, what is -5 + b1a4?
b19d
In base 10, what is -15 + -2385?
-2400
In base 5, what is -1 + -4101042?
-4101043
In base 14, what is 67 - -b?
74
In base 2, what is -111 + -100111110111011?
-100111111000010
In base 14, what is 2 + -183d7?
-183d5
In base 2, what is 11001111011 - -10101110110?
101111110001
In base 9, what is -3 + -122100?
-122103
In base 11, what is 15 - 4740?
-4726
In base 11, what is 358129 - -5?
358133
In base 15, what is -9c0 - -3e5?
-5ca
In base 10, what is 45819 - 32?
45787
In base 14, what is -2b0b1 + -7?
-2b0b8
In base 2, what is -110001 - -1110011110010101?
1110011101100100
In base 6, what is -2 - 421330?
-421332
In base 12, what is 8a + 670?
73a
In base 12, what is 719a + -19?
7181
In base 3, what is 1212122 + 22102222?
101022121
In base 5, what is -1244 + -1211?
-3010
In base 8, what is 6 + -1304?
-1276
In base 8, what is 2443452 - 3?
2443447
In base 14, what is 32b - 7?
324
In base 16, what is -2d1b - -4?
-2d17
In base 10, what is -27 + -5902?
-5929
In base 8, what is 2 + 116207?
116211
In base 5, what is -3300442 - -2?
-3300440
In base 13, what is 5032 - -5?
5037
In base 8, what is 64 + 62642?
62726
In base 8, what is -1573774 - 3?
-1573777
In base 6, what is -21531255 + 20?
-21531235
In base 4, what is 10 + -103100?
-103030
In base 9, what is -5 + 35624?
35618
In base 14, what is -c2 - -216?
134
In base 12, what is 239 + -44?
1b5
In base 12, what is -2 + -16038?
-1603a
In base 16, what is 3052a - -6?
30530
In base 2, what is 1001010101001011011 - 0?
1001010101001011011
In base 2, what is 1001111000101001011110 - 0?
1001111000101001011110
In base 3, what is -211110011 - -11?
-211110000
In base 14, what is -1 + -2b2653?
-2b2654
In base 5, what is 12214 + 4?
12223
In base 6, what is 4 + 222352?
222400
In base 6, what is -32422 - 244?
-33110
In base 16, what is -26 - -451?
42b
In base 8, what is 5430350 + 2?
5430352
In base 8, what is -125654 + -6?
-125662
In base 3, what is 12 - 11021112120?
-11021112101
In base 11, what is 6a83a0 + -3?
6a8398
In base 16, what is -5 + -c8b?
-c90
In base 15, what is -3a + -3e8?
-433
In base 7, what is 10110260 + 3?
10110263
In base 12, what is 139 - -151?
28a
In base 6, what is 121223 + -10?
121213
In base 2, what is -100 + -10110100101110011?
-10110100101110111
In base 15, what is 18e + 1b3?
352
In base 3, what is -1012112 - 1121?
-1021010
In base 9, what is -186 + 2688?
2502
In base 12, what is 2 + 2aaab2?
2aaab4
In base 15, what is -7 + 9e5?
9dd
In base 7, what is -1 - -510124?
510123
In base 9, what is 4 + 262642?
262646
In base 5, what is -4043321 - -24?
-4043242
In base 14, what is 3 - -853d?
8542
In base 5, what is 10014 - 10232?
-213
In base 5, what is -33431 - 103?
-34034
In base 5, what is 30 - 1124322?
-1124242
In base 6, what is -30523 + -1105?
-32032
In base 13, what is -b - 26301?
-2630c
In base 9, what is 15282 - 5?
15276
In base 9, what is 0 + -16362?
-16362
In base 3, what is -1121 + -10?
-1201
In base 13, what is -4 + -29c5a?
-29c61
In base 8, what is 4270117 - -3?
4270122
In base 2, what is -101111001 - 1001100011?
-1111011100
In base 13, what is -84a4 + -2?
-84a6
In base 14, what is 2494a + 23?
2496d
In base 13, what is -3815 + 18?
-37ca
In base 15, what is -11 + 8e5eb?
8e5da
In base 8, what is -36736 + -4?
-36742
In base 14, what is 3 - ba648?
-ba645
In base 11, what is -a + 1907?
18a8
In base 13, what is -9c7 - -33c?
-688
In base 2, what is 10111 + 11011011?
11110010
In base 9, what is 8 - 15581?
-15572
In base 2, what is -1110110111000101 - 100?
-1110110111001001
In base 10, what is -52 + 15006?
14954
In base 7, what is -1422 + 4053?
2331
In base 16, what is -10 + 19c?
18c
In base 9, what is 2225 - 11?
2214
In base 11, what is 69a - 162?
538
In base 2, what is -100001101101110111 + 11?
-100001101101110100
In base 16, what is -4 + -3f24?
-3f28
In base 10, what is -1814 - 238?
-2052
In base 3, what is -110121 + -120001?
-1000122
In base 7, what is -3 - 3112?
-3115
In base 15, what is -1 - -18d8?
18d7
In base 7, what is -20664 + 4?
-20660
In base 9, what is -4883 + 1?
-4882
In base 16, what is 160 - 2a1?
-141
In base 3, what is 2000100 + -11112?
1211211
In base 4, what is 3102 - 103212?
-100110
In base 12, what is -3269 - 5?
-3272
In base 11, what is -493a7 + -8?
-49404
In base 3, what is -10001212 + -111020?
-10120002
In base 3, what is -200001211 - -100?
-200001111
In base 6, what is 2 - -123243?
123245
In base 4, what is 113110233 - 101?
113110132
In base 16, what is -271 + e?
-263
In base 14, what is -4 + -5d161?
-5d165
In base 14, what is -237512 + 2?
-237510
In base 7, what is 101603661 - -3?
101603664
In base 5, what is 4022230 + -2?
4022223
In base 12, what is -7273b + 0?
-7273b
In base 4, what is 121 + 120313332?
120320113
In base 6, what is 54501 - -14?
54515
In base 14, what is 13c + 13c?
27a
In base 11, what is -2 - -961739?
961737
In base 7, what is 36 + -406021?
-405652
In base 9, what is 1077 + -227?
750
In base 12, what is -15b9 - -b5?
-1504
In base 5, what is 3 + 4204314?
4204322
In base 4, what is -10011313 - 12?
-10011331
In base 2, what is -101110010 - 11110001?
-1001100011
In base 8, what is -33542 + 0?
-33542
In base 15, what is 9 - -30?
39
In base 8, what is -1 - 1720235?
-1720236
In base 9, what is 345 + -284?
51
In base 3, what is 21 - -200012110221?
200012111012
In base 11, what is -2 + 4635?
4633
In base 15, what is -4 + -406d?
-4072
In base 8, what is 151230 - 5?
151223
In base 13, what is c519 +